pose 0 = -5*b - 0 - 5. Let z be (1 - (8 - b)) + 1. Is z*(1 - (-18)/(-14)) a composite number?
False
Let l = -9858 - -15029. Is l prime?
True
Let j be (2 + (-51)/(-12))*4. Suppose -5*i + j = -2*o - 0*o, -2*i = o - 10. Suppose o*x = 4*x - 136. Is x a prime number?
False
Suppose -5*h + 10 = 0, -3*r - 4*h - 8 = h. Is (-494)/r + 1/(-3) a prime number?
False
Let g(u) be the second derivative of -1/12*u**4 + u + 0 + 95/2*u**2 + 1/6*u**3. Is g(0) a composite number?
True
Let a = 3838 + -1317. Is a a prime number?
True
Let o(n) = 21*n**2 + 1. Let h be 6/33 + 20/11. Is o(h) prime?
False
Suppose -2*i + 1426 = 2*t - 6*t, 3*t + 15 = 0. Is i a composite number?
True
Suppose 0 = 6*d + 1448 - 5846. Is d composite?
False
Let p = 303 - 52. Is p a prime number?
True
Let z(m) = -m**3 - 3*m**2 - m + 8. Is z(-7) prime?
True
Let z(r) be the first derivative of 20*r**2 - r - 2. Suppose -3*v = -2*s - 9, 4*s + 8 = 6*v - 2*v. Is z(s) a composite number?
True
Let c(u) = -8*u - 1. Let j be c(-1). Let f = 30 + j. Is f a prime number?
True
Let l(n) = 7*n + 1. Let y be l(1). Suppose -32 = 5*d + y. Let i = -6 - d. Is i a composite number?
False
Is 3 - (0 - 6)/((-42)/(-6020)) prime?
True
Let m be (-10)/(-35) + (-810)/(-7). Let h = m - 65. Is h composite?
True
Let z = 82 - 41. Suppose 3*l - 194 + z = 0. Is l a prime number?
False
Let t = -1 - -3. Suppose -3*v + 23 = -t*v. Is v a composite number?
False
Let t(l) be the second derivative of 2*l**4/3 - 2*l**3/3 + l**2/2 + 7*l. Is t(-4) a prime number?
False
Let m(f) = 411*f - 2. Is m(1) composite?
False
Suppose v = 6*v - 2*d - 68, -4*v = 5*d - 61. Is (-9268)/v*2/(-4) prime?
True
Let t(h) = -20*h**3 - 4*h**2 + 13*h + 26. Is t(-7) prime?
True
Let g(b) be the third derivative of b**4/12 + 7*b**3/6 - b**2. Let q be g(8). Suppose -c + q = -0*c. Is c a prime number?
True
Is -2 + (38 - 12/4) composite?
True
Let m(b) be the third derivative of -77*b**4/24 + b**3/3 + 5*b**2. Is m(-1) a prime number?
True
Let h(u) = 18*u**2 - 16*u + 39. Is h(7) composite?
False
Let c(h) = -2*h + 1. Suppose 4 = z + 3*a - a, 0 = 2*z + 3*a - 8. Let d be c(z). Is (-2)/d - 94/(-14) composite?
False
Let f(l) = -l**2 - 2*l + 3777. Is f(0) a composite number?
True
Let k be (-28)/70 - (-3476)/(-10). Is (k/(-9) + 1)*3 composite?
True
Suppose 427 = q + 3*w, 2*w = 5*q + 5*w - 2087. Is q composite?
True
Suppose 0 = 3*i - 378 - 819. Let d = 175 - i. Is d/(-6) + 1/(-3) prime?
True
Suppose 2*t + q + 26 = 0, -31 = t - 3*q - q. Let d be (-5)/(t/9) - 3. Suppose 2*w - 2*u - 30 = d, -5*w + 87 = -3*u + 16. Is w a composite number?
False
Suppose -3*k = -k. Suppose -f + 5*u + 536 = k, -481 - 65 = -f - 5*u. Is f a composite number?
False
Suppose n = 5*w + 6*n - 30, 5*w - 5*n - 30 = 0. Let r be (-60)/(-27) + 4/(-18). Is ((-68)/w)/(r/(-9)) a prime number?
False
Let l(b) = 3*b**2 - 12*b + 27. Let n(w) = 2*w**2 - 12*w + 26. Let y(d) = -3*l(d) + 4*n(d). Is y(-12) composite?
False
Suppose -c + 1044 = 3*y + 4488, 10312 = -3*c - 5*y. Is (2/(-6))/(3/c) composite?
True
Suppose 4*x - 2*x = -4*f + 3938, -5*x - 5*f + 9855 = 0. Is x a prime number?
True
Is (-297)/(-2) + 5 + 54/(-12) a composite number?
False
Let q = 11 - 7. Suppose 0 = q*s - 4*i - 40, 3*i - 3 + 47 = 4*s. Is (s/8)/(1/8) a prime number?
False
Let n be 457 + 4 + (-4 - -3). Suppose -3*p - n + 1885 = 0. Suppose -3*v + p = 2*v. Is v a prime number?
False
Suppose -3*g + 7*g - 272 = 0. Suppose -g = -a - 25. Suppose -4*c - 5*o + 36 = -a, 0 = -c - 4*o + 17. Is c composite?
True
Let m(k) = 191*k. Let w = 5 + -4. Is m(w) a composite number?
False
Suppose m = 5*a - 15, 3*m + 6 + 9 = 0. Suppose 5*n - 117 = a*n. Is n composite?
True
Let l(z) = -3*z**2 - 4*z + 7*z**3 + 5*z**2 - 6*z**3. Let r be l(-3). Suppose -3*m - r*h + 321 + 18 = 0, 2*h = 3*m - 329. Is m a composite number?
True
Let t(m) = 7*m**2 - 9*m - 7. Is t(9) a composite number?
False
Let c = -258 + 1073. Is c a prime number?
False
Is (1 - -2)*(-58)/(-3) a prime number?
False
Let m be 1/(2*3/(-18)). Let l = m - -6. Suppose -2*u - l*u = -4*t + 85, 3*t - 2*u - 55 = 0. Is t composite?
True
Suppose 0 = -4*v + 194 + 1074. Is v composite?
False
Let c = 2640 + -1433. Is c a composite number?
True
Let a(j) = j**2 + 5*j - 13. Is a(-18) composite?
True
Let a(u) = -53*u - 2. Let f be a(-10). Suppose 2*l = d + 6*l - 107, 4*d = 4*l + f. Is d a prime number?
True
Suppose 0 = j - 877 + 208. Suppose s - j = -3*w + 2*s, 0 = 4*w + 4*s - 892. Is w prime?
True
Let v be 1 + -1 - (-238 + -3). Let t = 418 - v. Is t a prime number?
False
Let q be (2/(-5))/((-1)/10). Suppose 0 = 2*s - 0 + q. Is (-195)/(-9) - s/6 a prime number?
False
Suppose -12 = 4*f, 0*c + 37 = 4*c + f. Let j(x) = 6*x - 5. Let h be j(c). Suppose 5*q = -0*q + h. Is q composite?
False
Let t(q) = 6*q**2 + 7*q + 2. Let a(i) = i**2 + i - 1. Let u(o) = -5*a(o) + t(o). Let r(y) = -y**2 + 5*y + 6. Let h be r(7). Is u(h) a composite number?
True
Is -447*(-4)/12*1 a composite number?
False
Let b be (2 + -2)/((-1)/1). Suppose b = -2*h + 4, 2*h - 53 = -a + h. Is a a composite number?
True
Let g(u) = 52*u - 7. Is g(3) a composite number?
False
Let u be -1 + (-12)/(-3) + 0. Suppose -180 = -u*d + 1257. Is d a prime number?
True
Let n = 280 + -178. Let k = -7 + 5. Is ((-14)/6)/(k/n) a prime number?
False
Suppose 4*x - 4*k + 44 = -28, -3*k = 0. Is (-336)/x + (-2)/(-6) prime?
True
Let l(d) = -d + 751. Is l(0) prime?
True
Suppose -3*b + 0*b = 3*f - 156, b - 4*f - 67 = 0. Is b prime?
False
Let b = -19 + 34. Suppose -5 = -5*d + b. Suppose 2*k = d*k - 3*n - 45, k - 2*n - 25 = 0. Is k a prime number?
False
Let x = -294 + 505. Is x composite?
False
Let g be 1/3 - 56/(-12). Suppose 3 = g*m + 38. Is (-2)/m - (-738)/14 prime?
True
Suppose -10*f + 4*f + 7026 = 0. Is f prime?
True
Let v(b) = -b**3 - 8*b**2 - 3*b - 5. Let g(c) = -7*c + 6. Let o be g(4). Let u = 14 + o. Is v(u) a composite number?
False
Let i = 478 - 976. Is (-3)/(-2)*i/(-9) a composite number?
False
Let p be -6*(-3 - (-1)/(-2)). Suppose -5*f - 6 + p = 0. Suppose f*q = -2*b + 68, -3*q + 159 = 5*b - q. Is b a prime number?
True
Let q be (2/6)/(9/7965). Suppose -3*b + 254 = -4*r - q, b - r = 182. Is b prime?
True
Let d(n) = -n**3 - 4*n**2 - 2*n - 8. Let v be d(-8). Let i = v + -187. Is i a prime number?
False
Let c = -98 + 139. Suppose -2*s - 15 = c. Is ((-30)/8 + 1)*s composite?
True
Suppose 0 = 5*u + 2*v - 9251 + 2680, 3*v + 6 = 0. Is u a prime number?
False
Let g(p) = 13*p - 2. Is g(3) a prime number?
True
Suppose 5*w - 5*n = 5, -2*n = 3*n - 15. Suppose 0 = w*k - 65 - 59. Is k composite?
False
Is (-730)/3*12/(-8) prime?
False
Let v = 4 - 0. Is 249*((-12)/(-9))/v composite?
False
Let b = 38 - -8. Suppose -5*j = -2*g + 5, -4*g - 2*j + 0*j = -b. Is g a composite number?
True
Let t be 3/(1 - 2 - -2). Suppose 1 = -b + t. Suppose -b*x + 29 = -105. Is x a prime number?
True
Suppose -3*c = 0, -4*c = 5*b + c + 315. Let y = -44 - b. Is y prime?
True
Let w = 56 + -38. Let f(n) = -16*n**2 + 1. Let x be f(1). Let j = w - x. Is j composite?
True
Suppose 0 = -2*n - 2*n + 100. Suppose -2*i - 3*g - 19 = 0, -2*i - 5*g - 11 = 6. Let q = n + i. Is q a composite number?
True
Let j = -7 - -5. Let k be j/(-9) + 10/(-45). Suppose 0 = -2*v + 6 - k. Is v composite?
False
Let i = 4 + -2. Suppose 2*s = i*f - 40, 3*f - 4*s + 145 = 8*f. Is f a prime number?
False
Let a(g) = g**2 + 9*g - 18. Is a(4) a composite number?
True
Let k = -13 + 22. Let f(y) = -5*y**2 - 1. Let j be f(1). Is (j/(-5))/(k/30) a composite number?
True
Suppose 2*c - 40 = 778. Is c prime?
True
Suppose 4203 = 7*z + 2*z. Is z a composite number?
False
Let m(s) = -2*s - 3. Let h be m(-3). Suppose -k - h + 6 = 0. Suppose -k*b + 42 = -0*b. Is b a composite number?
True
Let j = 2 + -2. Suppose 0 = 3*t - j*t + 36. Is 3/t - 82/(-8) composite?
True
Let b be 1*-1*(-141)/(-3). Let t = -99 - b. Is (-1 + t)*(-1 - 0) composite?
False
Let a(s) = 26*s + 1 + 14*s - 8 - 12*s. Is a(5) prime?
False
Suppose -5*m = -6 - 4. Suppose -m*f + f + 1 = 0, -4*f - 431 = -3*j. Is j composite?
True
Let z(s) be the first derivative of s**7/840 - s**6/60 - s**4/24 - 2*s**3/3 + 2. Let g(o) be the third derivative of z(o). Is g(8) prime?
True
Is (1 + 1/(-2) + 2)*58 a prime number?
False
Let r(o) = -o**3 + 7*o**2 + o - 4. Let f be r(5). Let v = -8 + f. Is v a prime number?
True
Let j(q) = q**2 - 1